{"id":2111,"date":"2025-06-19T12:45:54","date_gmt":"2025-06-19T10:45:54","guid":{"rendered":"https:\/\/instagreen.fr\/?post_type=product&#038;p=2111"},"modified":"2025-06-30T12:20:26","modified_gmt":"2025-06-30T10:20:26","slug":"huile-20","status":"publish","type":"product","link":"https:\/\/instagreen.fr\/index.php\/produit\/huile-20\/","title":{"rendered":"Huile CBD 20%"},"content":{"rendered":"<p>Passez \u00e0 un niveau sup\u00e9rieur de bien-\u00eatre avec notre Huile de CBD Full Spectrum 20% (2000mg de CBD pour 10ml). Comme toutes nos huiles Full Spectrum, elle b\u00e9n\u00e9ficie de l&rsquo;<b>effet d&rsquo;entourage<\/b>, gr\u00e2ce \u00e0 la pr\u00e9sence de tous les cannabino\u00efdes, terp\u00e8nes et flavono\u00efdes naturellement pr\u00e9sents dans le chanvre (y compris moins de 0,3% de THC). Cette richesse en compos\u00e9s actifs garantit une efficacit\u00e9 accrue et une action synergique pour votre corps et votre esprit.<\/p>\n<p>Avec une concentration de 20%, cette huile est id\u00e9ale pour les utilisateurs <b>interm\u00e9diaires<\/b> ou ceux qui n\u00e9cessitent un <b>soutien plus cons\u00e9quent<\/b> face au stress mod\u00e9r\u00e9, aux troubles du sommeil plus prononc\u00e9s, ou aux douleurs et inflammations l\u00e9g\u00e8res \u00e0 mod\u00e9r\u00e9es. Chaque goutte d\u00e9livre 10mg de CBD, offrant un dosage efficace avec moins de gouttes. L&rsquo;application <b>sublinguale<\/b> assure une biodisponibilit\u00e9 rapide et optimale.<\/p>\n<ul>\n<li><b>Concentration :<\/b> 20% (2000mg de CBD pour 10ml)<\/li>\n<li><b>Type :<\/b> Full Spectrum (spectre complet)<\/li>\n<li><b>Id\u00e9al pour :<\/b> Utilisateurs interm\u00e9diaires, soutien plus marqu\u00e9<\/li>\n<li><b>Bienfaits :<\/b> Gestion du stress mod\u00e9r\u00e9, am\u00e9lioration du sommeil, apaisement des tensions<\/li>\n<\/ul>\n","protected":false},"excerpt":{"rendered":"<p>L&rsquo;Huile de CBD Full Spectrum 20% est con\u00e7ue pour un soutien plus marqu\u00e9. Sa concentration doubl\u00e9e et son spectre complet agissent en synergie pour une action profonde sur le bien-\u00eatre, aidant \u00e0 g\u00e9rer des situations de stress plus importantes et \u00e0 favoriser un sommeil r\u00e9parateur.<\/p>\n","protected":false},"featured_media":2112,"comment_status":"open","ping_status":"closed","template":"","meta":{"_eb_attr":"","content-type":"","site-sidebar-layout":"default","site-content-layout":"","ast-site-content-layout":"default","site-content-style":"default","site-sidebar-style":"default","ast-global-header-display":"","ast-banner-title-visibility":"","ast-main-header-display":"","ast-hfb-above-header-display":"","ast-hfb-below-header-display":"","ast-hfb-mobile-header-display":"","site-post-title":"","ast-breadcrumbs-content":"","ast-featured-img":"","footer-sml-layout":"","theme-transparent-header-meta":"default","adv-header-id-meta":"","stick-header-meta":"","header-above-stick-meta":"","header-main-stick-meta":"","header-below-stick-meta":"","astra-migrate-meta-layouts":"set","ast-page-background-enabled":"default","ast-page-background-meta":{"desktop":{"background-color":"var(--ast-global-color-5)","background-image":"","background-repeat":"repeat","background-position":"center center","background-size":"auto","background-attachment":"scroll","background-type":"","background-media":"","overlay-type":"","overlay-color":"","overlay-opacity":"","overlay-gradient":""},"tablet":{"background-color":"","background-image":"","background-repeat":"repeat","background-position":"center center","background-size":"auto","background-attachment":"scroll","background-type":"","background-media":"","overlay-type":"","overlay-color":"","overlay-opacity":"","overlay-gradient":""},"mobile":{"background-color":"","background-image":"","background-repeat":"repeat","background-position":"center center","background-size":"auto","background-attachment":"scroll","background-type":"","background-media":"","overlay-type":"","overlay-color":"","overlay-opacity":"","overlay-gradient":""}},"ast-content-background-meta":{"desktop":{"background-color":"var(--ast-global-color-4)","background-image":"","background-repeat":"repeat","background-position":"center center","background-size":"auto","background-attachment":"scroll","background-type":"","background-media":"","overlay-type":"","overlay-color":"","overlay-opacity":"","overlay-gradient":""},"tablet":{"background-color":"var(--ast-global-color-4)","background-image":"","background-repeat":"repeat","background-position":"center center","background-size":"auto","background-attachment":"scroll","background-type":"","background-media":"","overlay-type":"","overlay-color":"","overlay-opacity":"","overlay-gradient":""},"mobile":{"background-color":"var(--ast-global-color-4)","background-image":"","background-repeat":"repeat","background-position":"center center","background-size":"auto","background-attachment":"scroll","background-type":"","background-media":"","overlay-type":"","overlay-color":"","overlay-opacity":"","overlay-gradient":""}}},"product_brand":[],"product_cat":[88],"product_tag":[],"class_list":{"0":"post-2111","1":"product","2":"type-product","3":"status-publish","4":"has-post-thumbnail","6":"product_cat-huiles-cbd","7":"desktop-align-center","8":"tablet-align-left","9":"mobile-align-left","11":"first","12":"instock","13":"taxable","14":"shipping-taxable","15":"product-type-simple"},"jetpack_sharing_enabled":true,"_links":{"self":[{"href":"https:\/\/instagreen.fr\/index.php\/wp-json\/wp\/v2\/product\/2111","targetHints":{"allow":["GET"]}}],"collection":[{"href":"https:\/\/instagreen.fr\/index.php\/wp-json\/wp\/v2\/product"}],"about":[{"href":"https:\/\/instagreen.fr\/index.php\/wp-json\/wp\/v2\/types\/product"}],"replies":[{"embeddable":true,"href":"https:\/\/instagreen.fr\/index.php\/wp-json\/wp\/v2\/comments?post=2111"}],"wp:featuredmedia":[{"embeddable":true,"href":"https:\/\/instagreen.fr\/index.php\/wp-json\/wp\/v2\/media\/2112"}],"wp:attachment":[{"href":"https:\/\/instagreen.fr\/index.php\/wp-json\/wp\/v2\/media?parent=2111"}],"wp:term":[{"taxonomy":"product_brand","embeddable":true,"href":"https:\/\/instagreen.fr\/index.php\/wp-json\/wp\/v2\/product_brand?post=2111"},{"taxonomy":"product_cat","embeddable":true,"href":"https:\/\/instagreen.fr\/index.php\/wp-json\/wp\/v2\/product_cat?post=2111"},{"taxonomy":"product_tag","embeddable":true,"href":"https:\/\/instagreen.fr\/index.php\/wp-json\/wp\/v2\/product_tag?post=2111"}],"curies":[{"name":"wp","href":"https:\/\/api.w.org\/{rel}","templated":true}]}}