{"id":1108,"date":"2025-05-12T15:59:10","date_gmt":"2025-05-12T13:59:10","guid":{"rendered":"https:\/\/instagreen.fr\/?post_type=product&#038;p=1108"},"modified":"2025-06-17T12:58:58","modified_gmt":"2025-06-17T10:58:58","slug":"goldbar-420-amnesia-resine-cbd-ch","status":"publish","type":"product","link":"https:\/\/instagreen.fr\/index.php\/produit\/goldbar-420-amnesia-resine-cbd-ch\/","title":{"rendered":"GOLDBAR 420 AMNESIA R\u00c9SINE CBD CH"},"content":{"rendered":"<p data-sourcepos=\"9:1-9:394\">L&rsquo;<strong>Amnesia Hash CBD<\/strong> est un concentr\u00e9 d&rsquo;excellence, \u00e9labor\u00e9 \u00e0 partir de <strong>graines suisses soigneusement s\u00e9lectionn\u00e9es<\/strong> et <em>breed\u00e9es<\/em> pour assurer une <strong>qualit\u00e9 aromatique sup\u00e9rieure<\/strong>. Sa culture en <strong>int\u00e9rieur sous \u00e9clairage LED<\/strong> incarne le summum du savoir-faire technique suisse en mati\u00e8re de production indoor, garantissant une puret\u00e9 et une richesse in\u00e9gal\u00e9es.<\/p>\n<p data-sourcepos=\"11:1-11:464\">Ce hash se distingue par ses <strong>notes intenses de pin et d&rsquo;\u00e9pices<\/strong>, relev\u00e9es par des <strong>finitions citronn\u00e9es<\/strong>, caract\u00e9ristiques de la c\u00e9l\u00e8bre vari\u00e9t\u00e9 Amnesia. Sa <strong>texture est peu souple, voire friable<\/strong> \u00e0 la manipulation, r\u00e9sultat d&rsquo;une production m\u00e9ticuleuse par la m\u00e9thode <strong>Dry Sift CBD Hash<\/strong>, utilisant un pollinator P5000 avec un tamis de 153 microns. C&rsquo;est un produit pens\u00e9 pour les connaisseurs, offrant une exp\u00e9rience aromatique puissante et authentique.<\/p>\n<ul data-sourcepos=\"13:1-18:0\">\n<li data-sourcepos=\"13:1-13:63\"><strong>Origine des graines :<\/strong> Suisse (breed\u00e9es sp\u00e9cifiquement)<\/li>\n<li data-sourcepos=\"14:1-14:44\"><strong>Culture :<\/strong> Indoor sous \u00e9clairage LED<\/li>\n<li data-sourcepos=\"15:1-15:64\"><strong>Ar\u00f4mes :<\/strong> Pin, \u00e9pices, citron (caract\u00e9ristiques Amnesia)<\/li>\n<li data-sourcepos=\"16:1-16:38\"><strong>Texture :<\/strong> Peu souple, friable<\/li>\n<li data-sourcepos=\"17:1-18:0\"><strong>M\u00e9thode de production :<\/strong> Dry Sift CBD Hash (pollinator P5000, 153 microns)<\/li>\n<\/ul>\n","protected":false},"excerpt":{"rendered":"<p>D\u00e9couvrez l&rsquo;Amnesia Hash CBD, un hash premium suisse cultiv\u00e9 en int\u00e9rieur sous LED. Issu de graines s\u00e9lectionn\u00e9es pour leur qualit\u00e9 aromatique, il offre des notes intenses de pin, d&rsquo;\u00e9pices et de citron, dans une texture friable.<\/p>\n","protected":false},"featured_media":1980,"comment_status":"open","ping_status":"closed","template":"","meta":{"_eb_attr":"","content-type":"","site-sidebar-layout":"default","site-content-layout":"","ast-site-content-layout":"default","site-content-style":"default","site-sidebar-style":"default","ast-global-header-display":"","ast-banner-title-visibility":"","ast-main-header-display":"","ast-hfb-above-header-display":"","ast-hfb-below-header-display":"","ast-hfb-mobile-header-display":"","site-post-title":"","ast-breadcrumbs-content":"","ast-featured-img":"","footer-sml-layout":"","theme-transparent-header-meta":"default","adv-header-id-meta":"","stick-header-meta":"","header-above-stick-meta":"","header-main-stick-meta":"","header-below-stick-meta":"","astra-migrate-meta-layouts":"set","ast-page-background-enabled":"default","ast-page-background-meta":{"desktop":{"background-color":"var(--ast-global-color-5)","background-image":"","background-repeat":"repeat","background-position":"center center","background-size":"auto","background-attachment":"scroll","background-type":"","background-media":"","overlay-type":"","overlay-color":"","overlay-opacity":"","overlay-gradient":""},"tablet":{"background-color":"","background-image":"","background-repeat":"repeat","background-position":"center center","background-size":"auto","background-attachment":"scroll","background-type":"","background-media":"","overlay-type":"","overlay-color":"","overlay-opacity":"","overlay-gradient":""},"mobile":{"background-color":"","background-image":"","background-repeat":"repeat","background-position":"center center","background-size":"auto","background-attachment":"scroll","background-type":"","background-media":"","overlay-type":"","overlay-color":"","overlay-opacity":"","overlay-gradient":""}},"ast-content-background-meta":{"desktop":{"background-color":"var(--ast-global-color-4)","background-image":"","background-repeat":"repeat","background-position":"center center","background-size":"auto","background-attachment":"scroll","background-type":"","background-media":"","overlay-type":"","overlay-color":"","overlay-opacity":"","overlay-gradient":""},"tablet":{"background-color":"var(--ast-global-color-4)","background-image":"","background-repeat":"repeat","background-position":"center center","background-size":"auto","background-attachment":"scroll","background-type":"","background-media":"","overlay-type":"","overlay-color":"","overlay-opacity":"","overlay-gradient":""},"mobile":{"background-color":"var(--ast-global-color-4)","background-image":"","background-repeat":"repeat","background-position":"center center","background-size":"auto","background-attachment":"scroll","background-type":"","background-media":"","overlay-type":"","overlay-color":"","overlay-opacity":"","overlay-gradient":""}}},"product_brand":[],"product_cat":[86,67],"product_tag":[],"class_list":{"0":"post-1108","1":"product","2":"type-product","3":"status-publish","4":"has-post-thumbnail","6":"product_cat-gold-bar","7":"product_cat-resines","8":"desktop-align-center","9":"tablet-align-left","10":"mobile-align-left","12":"first","13":"instock","14":"taxable","15":"shipping-taxable","16":"product-type-variable"},"jetpack_sharing_enabled":true,"_links":{"self":[{"href":"https:\/\/instagreen.fr\/index.php\/wp-json\/wp\/v2\/product\/1108","targetHints":{"allow":["GET"]}}],"collection":[{"href":"https:\/\/instagreen.fr\/index.php\/wp-json\/wp\/v2\/product"}],"about":[{"href":"https:\/\/instagreen.fr\/index.php\/wp-json\/wp\/v2\/types\/product"}],"replies":[{"embeddable":true,"href":"https:\/\/instagreen.fr\/index.php\/wp-json\/wp\/v2\/comments?post=1108"}],"wp:featuredmedia":[{"embeddable":true,"href":"https:\/\/instagreen.fr\/index.php\/wp-json\/wp\/v2\/media\/1980"}],"wp:attachment":[{"href":"https:\/\/instagreen.fr\/index.php\/wp-json\/wp\/v2\/media?parent=1108"}],"wp:term":[{"taxonomy":"product_brand","embeddable":true,"href":"https:\/\/instagreen.fr\/index.php\/wp-json\/wp\/v2\/product_brand?post=1108"},{"taxonomy":"product_cat","embeddable":true,"href":"https:\/\/instagreen.fr\/index.php\/wp-json\/wp\/v2\/product_cat?post=1108"},{"taxonomy":"product_tag","embeddable":true,"href":"https:\/\/instagreen.fr\/index.php\/wp-json\/wp\/v2\/product_tag?post=1108"}],"curies":[{"name":"wp","href":"https:\/\/api.w.org\/{rel}","templated":true}]}}