{"id":1105,"date":"2025-05-12T15:59:10","date_gmt":"2025-05-12T13:59:10","guid":{"rendered":"https:\/\/instagreen.fr\/?post_type=product&#038;p=1105"},"modified":"2025-06-10T17:45:03","modified_gmt":"2025-06-10T15:45:03","slug":"goldtonic-beldi-resine-cbd-serie-limitee-0005-goldbar-420","status":"publish","type":"product","link":"https:\/\/instagreen.fr\/index.php\/produit\/goldtonic-beldi-resine-cbd-serie-limitee-0005-goldbar-420\/","title":{"rendered":"GOLDTONIC BELDI R\u00c9SINE CBD S\u00c9RIE LIMIT\u00c9E 0005 GOLDBAR 420"},"content":{"rendered":"<div class=\"page\" title=\"Page 8\">\n<div class=\"section\">\n<div class=\"layoutArea\">\n<div class=\"column\">\n<p data-sourcepos=\"13:1-13:685\">Le GoldTonic Beldi R\u00e9sine CBD est une <strong>cr\u00e9ation v\u00e9ritablement exclusive<\/strong>, disponible en <strong>\u00e9dition limit\u00e9e<\/strong> et identifi\u00e9e par son <strong>num\u00e9ro de s\u00e9rie 0005<\/strong>. Sa production commence par des <strong>graines suisses m\u00e9ticuleusement s\u00e9lectionn\u00e9es<\/strong>. La culture a ensuite lieu \u00e0 <strong>Ounas Edin<\/strong>, une r\u00e9gion r\u00e9put\u00e9e du nord du Maroc, o\u00f9 le hash a prosp\u00e9r\u00e9 durant l&rsquo;<strong>\u00e9t\u00e9 ensoleill\u00e9 de 2024<\/strong>. Ce hash artisanal repr\u00e9sente la <strong>fusion parfaite entre la pr\u00e9cision suisse et l&rsquo;authenticit\u00e9 marocaine<\/strong>. Le r\u00e9sultat est une r\u00e9sine exceptionnellement <strong>riche en saveurs naturelles<\/strong> et offrant de multiples <strong>bienfaits<\/strong>, une v\u00e9ritable c\u00e9l\u00e9bration du terroir et du savoir-faire.<\/p>\n<ul data-sourcepos=\"15:1-19:0\">\n<li data-sourcepos=\"15:1-15:46\"><strong>Production :<\/strong> \u00c9dition limit\u00e9e (n\u00b00005)<\/li>\n<li data-sourcepos=\"16:1-16:37\"><strong>Origine des graines :<\/strong> Suisse<\/li>\n<li data-sourcepos=\"17:1-17:55\"><strong>Lieu de culture :<\/strong> Ounas Edin, Maroc (\u00c9t\u00e9 2024)<\/li>\n<li data-sourcepos=\"18:1-19:0\"><strong>Fusion :<\/strong> Pr\u00e9cision suisse &amp; authenticit\u00e9 marocaine<\/li>\n<\/ul>\n<\/div>\n<\/div>\n<\/div>\n<\/div>\n","protected":false},"excerpt":{"rendered":"<p>D\u00e9couvrez le GoldTonic Beldi R\u00e9sine CBD, une cr\u00e9ation exclusive en \u00e9dition limit\u00e9e (n\u00b00005). Issu de graines suisses cultiv\u00e9es \u00e0 Ounas Edin au Maroc, ce hash artisanal fusionne pr\u00e9cision suisse et authenticit\u00e9 marocaine pour une r\u00e9sine riche en saveurs et bienfaits.<\/p>\n","protected":false},"featured_media":1967,"comment_status":"open","ping_status":"closed","template":"","meta":{"_eb_attr":"","content-type":"","site-sidebar-layout":"default","site-content-layout":"","ast-site-content-layout":"default","site-content-style":"default","site-sidebar-style":"default","ast-global-header-display":"","ast-banner-title-visibility":"","ast-main-header-display":"","ast-hfb-above-header-display":"","ast-hfb-below-header-display":"","ast-hfb-mobile-header-display":"","site-post-title":"","ast-breadcrumbs-content":"","ast-featured-img":"","footer-sml-layout":"","theme-transparent-header-meta":"default","adv-header-id-meta":"","stick-header-meta":"","header-above-stick-meta":"","header-main-stick-meta":"","header-below-stick-meta":"","astra-migrate-meta-layouts":"set","ast-page-background-enabled":"default","ast-page-background-meta":{"desktop":{"background-color":"var(--ast-global-color-5)","background-image":"","background-repeat":"repeat","background-position":"center center","background-size":"auto","background-attachment":"scroll","background-type":"","background-media":"","overlay-type":"","overlay-color":"","overlay-opacity":"","overlay-gradient":""},"tablet":{"background-color":"","background-image":"","background-repeat":"repeat","background-position":"center center","background-size":"auto","background-attachment":"scroll","background-type":"","background-media":"","overlay-type":"","overlay-color":"","overlay-opacity":"","overlay-gradient":""},"mobile":{"background-color":"","background-image":"","background-repeat":"repeat","background-position":"center center","background-size":"auto","background-attachment":"scroll","background-type":"","background-media":"","overlay-type":"","overlay-color":"","overlay-opacity":"","overlay-gradient":""}},"ast-content-background-meta":{"desktop":{"background-color":"var(--ast-global-color-4)","background-image":"","background-repeat":"repeat","background-position":"center center","background-size":"auto","background-attachment":"scroll","background-type":"","background-media":"","overlay-type":"","overlay-color":"","overlay-opacity":"","overlay-gradient":""},"tablet":{"background-color":"var(--ast-global-color-4)","background-image":"","background-repeat":"repeat","background-position":"center center","background-size":"auto","background-attachment":"scroll","background-type":"","background-media":"","overlay-type":"","overlay-color":"","overlay-opacity":"","overlay-gradient":""},"mobile":{"background-color":"var(--ast-global-color-4)","background-image":"","background-repeat":"repeat","background-position":"center center","background-size":"auto","background-attachment":"scroll","background-type":"","background-media":"","overlay-type":"","overlay-color":"","overlay-opacity":"","overlay-gradient":""}}},"product_brand":[],"product_cat":[86,67],"product_tag":[],"class_list":{"0":"post-1105","1":"product","2":"type-product","3":"status-publish","4":"has-post-thumbnail","6":"product_cat-gold-bar","7":"product_cat-resines","8":"desktop-align-center","9":"tablet-align-left","10":"mobile-align-left","12":"first","13":"instock","14":"taxable","15":"shipping-taxable","16":"product-type-variable"},"jetpack_sharing_enabled":true,"_links":{"self":[{"href":"https:\/\/instagreen.fr\/index.php\/wp-json\/wp\/v2\/product\/1105","targetHints":{"allow":["GET"]}}],"collection":[{"href":"https:\/\/instagreen.fr\/index.php\/wp-json\/wp\/v2\/product"}],"about":[{"href":"https:\/\/instagreen.fr\/index.php\/wp-json\/wp\/v2\/types\/product"}],"replies":[{"embeddable":true,"href":"https:\/\/instagreen.fr\/index.php\/wp-json\/wp\/v2\/comments?post=1105"}],"wp:featuredmedia":[{"embeddable":true,"href":"https:\/\/instagreen.fr\/index.php\/wp-json\/wp\/v2\/media\/1967"}],"wp:attachment":[{"href":"https:\/\/instagreen.fr\/index.php\/wp-json\/wp\/v2\/media?parent=1105"}],"wp:term":[{"taxonomy":"product_brand","embeddable":true,"href":"https:\/\/instagreen.fr\/index.php\/wp-json\/wp\/v2\/product_brand?post=1105"},{"taxonomy":"product_cat","embeddable":true,"href":"https:\/\/instagreen.fr\/index.php\/wp-json\/wp\/v2\/product_cat?post=1105"},{"taxonomy":"product_tag","embeddable":true,"href":"https:\/\/instagreen.fr\/index.php\/wp-json\/wp\/v2\/product_tag?post=1105"}],"curies":[{"name":"wp","href":"https:\/\/api.w.org\/{rel}","templated":true}]}}