{"id":1070,"date":"2025-05-12T15:58:51","date_gmt":"2025-05-12T13:58:51","guid":{"rendered":"https:\/\/instagreen.fr\/?post_type=product&#038;p=1070"},"modified":"2025-06-18T16:13:21","modified_gmt":"2025-06-18T14:13:21","slug":"mandarina-inddor","status":"publish","type":"product","link":"https:\/\/instagreen.fr\/index.php\/produit\/mandarina-inddor\/","title":{"rendered":"Mandarina"},"content":{"rendered":"<p class=\"\" data-start=\"421\" data-end=\"1409\">Mandarina est une vari\u00e9t\u00e9 de CBD \u00e0 dominante fruit\u00e9e, qui s\u00e9duit par son profil aromatique \u00e9clatant et ensoleill\u00e9. Elle d\u00e9veloppe de magnifiques t\u00eates compactes, bien r\u00e9sineuses, aux nuances vert clair et parsem\u00e9es de pistils orang\u00e9s qui annoncent d\u00e9j\u00e0 ses saveurs d\u2019agrumes.<br data-start=\"726\" data-end=\"729\" \/>D\u00e8s l\u2019ouverture du sachet, un parfum franc et frais de mandarine m\u00fbre envahit les sens, compl\u00e9t\u00e9 par des notes d\u2019orange sanguine, de citron doux et une touche florale d\u00e9licate. En bouche, la fum\u00e9e est l\u00e9g\u00e8re, tr\u00e8s aromatique, avec une dominante fruit\u00e9e zest\u00e9e et une finale sucr\u00e9e presque confite.<br data-start=\"1026\" data-end=\"1029\" \/>Mandarina est id\u00e9ale pour celles et ceux qui recherchent une fleur vivifiante, \u00e0 l\u2019effet relaxant mais stimulant mentalement. Elle apporte clart\u00e9 et apaisement sans lourdeur, parfaite pour la journ\u00e9e ou une pause ensoleill\u00e9e \u00e0 tout moment.<br data-start=\"1268\" data-end=\"1271\" \/>Une vari\u00e9t\u00e9 \u00e0 la fois joyeuse et \u00e9quilibr\u00e9e, qui plaira particuli\u00e8rement aux amateurs de saveurs fruit\u00e9es, naturelles et rafra\u00eechissantes.<\/p>\n<p class=\"\" data-start=\"1411\" data-end=\"1533\">\ud83d\udfe2 <strong data-start=\"1414\" data-end=\"1424\">Ar\u00f4mes<\/strong> : mandarine, orange sanguine, citron doux, floral<br data-start=\"1474\" data-end=\"1477\" \/>\ud83d\udfe2 <strong data-start=\"1480\" data-end=\"1493\">Caract\u00e8re<\/strong> : fruit\u00e9, frais, relaxant mais lumineux<\/p>\n","protected":false},"excerpt":{"rendered":"<p class=\"\" data-start=\"105\" data-end=\"419\">Un concentr\u00e9 de fra\u00eecheur et de douceur fruit\u00e9e. Mandarina est une fleur de CBD aux ar\u00f4mes intenses de mandarine, d\u2019orange sanguine et de zeste d\u2019agrumes. Rafra\u00eechissante et subtilement sucr\u00e9e, elle offre une exp\u00e9rience sensorielle vivifiante et relaxante \u00e0 la fois.<\/p>\n","protected":false},"featured_media":2081,"comment_status":"open","ping_status":"closed","template":"","meta":{"_eb_attr":"","content-type":"","site-sidebar-layout":"default","site-content-layout":"","ast-site-content-layout":"default","site-content-style":"default","site-sidebar-style":"default","ast-global-header-display":"","ast-banner-title-visibility":"","ast-main-header-display":"","ast-hfb-above-header-display":"","ast-hfb-below-header-display":"","ast-hfb-mobile-header-display":"","site-post-title":"","ast-breadcrumbs-content":"","ast-featured-img":"","footer-sml-layout":"","theme-transparent-header-meta":"default","adv-header-id-meta":"","stick-header-meta":"","header-above-stick-meta":"","header-main-stick-meta":"","header-below-stick-meta":"","astra-migrate-meta-layouts":"set","ast-page-background-enabled":"default","ast-page-background-meta":{"desktop":{"background-color":"var(--ast-global-color-5)","background-image":"","background-repeat":"repeat","background-position":"center center","background-size":"auto","background-attachment":"scroll","background-type":"","background-media":"","overlay-type":"","overlay-color":"","overlay-opacity":"","overlay-gradient":""},"tablet":{"background-color":"","background-image":"","background-repeat":"repeat","background-position":"center center","background-size":"auto","background-attachment":"scroll","background-type":"","background-media":"","overlay-type":"","overlay-color":"","overlay-opacity":"","overlay-gradient":""},"mobile":{"background-color":"","background-image":"","background-repeat":"repeat","background-position":"center center","background-size":"auto","background-attachment":"scroll","background-type":"","background-media":"","overlay-type":"","overlay-color":"","overlay-opacity":"","overlay-gradient":""}},"ast-content-background-meta":{"desktop":{"background-color":"var(--ast-global-color-4)","background-image":"","background-repeat":"repeat","background-position":"center center","background-size":"auto","background-attachment":"scroll","background-type":"","background-media":"","overlay-type":"","overlay-color":"","overlay-opacity":"","overlay-gradient":""},"tablet":{"background-color":"var(--ast-global-color-4)","background-image":"","background-repeat":"repeat","background-position":"center center","background-size":"auto","background-attachment":"scroll","background-type":"","background-media":"","overlay-type":"","overlay-color":"","overlay-opacity":"","overlay-gradient":""},"mobile":{"background-color":"var(--ast-global-color-4)","background-image":"","background-repeat":"repeat","background-position":"center center","background-size":"auto","background-attachment":"scroll","background-type":"","background-media":"","overlay-type":"","overlay-color":"","overlay-opacity":"","overlay-gradient":""}}},"product_brand":[],"product_cat":[61],"product_tag":[],"class_list":{"0":"post-1070","1":"product","2":"type-product","3":"status-publish","4":"has-post-thumbnail","6":"product_cat-indoor-hydro","7":"desktop-align-center","8":"tablet-align-left","9":"mobile-align-left","11":"first","12":"instock","13":"taxable","14":"shipping-taxable","15":"product-type-variable"},"jetpack_sharing_enabled":true,"_links":{"self":[{"href":"https:\/\/instagreen.fr\/index.php\/wp-json\/wp\/v2\/product\/1070","targetHints":{"allow":["GET"]}}],"collection":[{"href":"https:\/\/instagreen.fr\/index.php\/wp-json\/wp\/v2\/product"}],"about":[{"href":"https:\/\/instagreen.fr\/index.php\/wp-json\/wp\/v2\/types\/product"}],"replies":[{"embeddable":true,"href":"https:\/\/instagreen.fr\/index.php\/wp-json\/wp\/v2\/comments?post=1070"}],"wp:featuredmedia":[{"embeddable":true,"href":"https:\/\/instagreen.fr\/index.php\/wp-json\/wp\/v2\/media\/2081"}],"wp:attachment":[{"href":"https:\/\/instagreen.fr\/index.php\/wp-json\/wp\/v2\/media?parent=1070"}],"wp:term":[{"taxonomy":"product_brand","embeddable":true,"href":"https:\/\/instagreen.fr\/index.php\/wp-json\/wp\/v2\/product_brand?post=1070"},{"taxonomy":"product_cat","embeddable":true,"href":"https:\/\/instagreen.fr\/index.php\/wp-json\/wp\/v2\/product_cat?post=1070"},{"taxonomy":"product_tag","embeddable":true,"href":"https:\/\/instagreen.fr\/index.php\/wp-json\/wp\/v2\/product_tag?post=1070"}],"curies":[{"name":"wp","href":"https:\/\/api.w.org\/{rel}","templated":true}]}}