{"id":1060,"date":"2025-05-12T15:58:50","date_gmt":"2025-05-12T13:58:50","guid":{"rendered":"https:\/\/instagreen.fr\/?post_type=product&#038;p=1060"},"modified":"2025-06-04T21:07:12","modified_gmt":"2025-06-04T19:07:12","slug":"candy-kush-gh","status":"publish","type":"product","link":"https:\/\/instagreen.fr\/index.php\/produit\/candy-kush-gh\/","title":{"rendered":"Candy Kush"},"content":{"rendered":"<p class=\"\" data-start=\"566\" data-end=\"1391\"><strong data-start=\"596\" data-end=\"623\">Candy Kush \u2013 Glasshouse<\/strong> est une vari\u00e9t\u00e9 de fleur de CBD tr\u00e8s appr\u00e9ci\u00e9e pour son profil aromatique sucr\u00e9 et r\u00e9gressif. Gr\u00e2ce \u00e0 sa culture sous serre, elle profite d\u2019un environnement ma\u00eetris\u00e9 qui permet de pr\u00e9server l\u2019int\u00e9grit\u00e9 de ses terp\u00e8nes et de ses qualit\u00e9s naturelles.<br data-start=\"872\" data-end=\"875\" \/>D\u00e8s l\u2019ouverture, elle diffuse un parfum gourmand de bonbons acidul\u00e9s, m\u00ealant citron confit, caramel l\u00e9ger et une touche florale. Sa texture dense et collante atteste d\u2019une culture soign\u00e9e et d\u2019un affinage professionnel. En bouche, elle offre une exp\u00e9rience tout en douceur, parfaite pour accompagner une pause d\u00e9tente ou adoucir les fins de journ\u00e9e.<br data-start=\"1224\" data-end=\"1227\" \/>Candy Kush s\u00e9duit aussi bien les novices que les connaisseurs gr\u00e2ce \u00e0 son go\u00fbt sucr\u00e9 unique et sa capacit\u00e9 \u00e0 installer une sensation de calme profond sans alourdir.<\/p>\n<p class=\"\" data-start=\"1393\" data-end=\"1468\">\ud83d\udfe2 <strong data-start=\"1489\" data-end=\"1499\">Ar\u00f4mes<\/strong> : bonbon sucr\u00e9, citron, caramel<br data-start=\"1531\" data-end=\"1534\" \/>\ud83d\udfe2 <strong data-start=\"1537\" data-end=\"1548\">Culture<\/strong> : Glasshouse<\/p>\n","protected":false},"excerpt":{"rendered":"<p>Une fleur de CBD gourmande et apaisante, au parfum intense de bonbon sucr\u00e9 et de citron acidul\u00e9. Cultiv\u00e9e sous serre pour un contr\u00f4le optimal de sa qualit\u00e9, Candy Kush est id\u00e9ale pour celles et ceux qui recherchent une d\u00e9tente douce avec des ar\u00f4mes sucr\u00e9s et r\u00e9confortants. Une exp\u00e9rience gustative \u00e0 la fois nostalgique et relaxante, parfaite pour le quotidien.<\/p>\n","protected":false},"featured_media":1721,"comment_status":"open","ping_status":"closed","template":"","meta":{"_eb_attr":"","content-type":"","site-sidebar-layout":"default","site-content-layout":"","ast-site-content-layout":"default","site-content-style":"default","site-sidebar-style":"default","ast-global-header-display":"","ast-banner-title-visibility":"","ast-main-header-display":"","ast-hfb-above-header-display":"","ast-hfb-below-header-display":"","ast-hfb-mobile-header-display":"","site-post-title":"","ast-breadcrumbs-content":"","ast-featured-img":"","footer-sml-layout":"","theme-transparent-header-meta":"default","adv-header-id-meta":"","stick-header-meta":"","header-above-stick-meta":"","header-main-stick-meta":"","header-below-stick-meta":"","astra-migrate-meta-layouts":"set","ast-page-background-enabled":"default","ast-page-background-meta":{"desktop":{"background-color":"var(--ast-global-color-5)","background-image":"","background-repeat":"repeat","background-position":"center center","background-size":"auto","background-attachment":"scroll","background-type":"","background-media":"","overlay-type":"","overlay-color":"","overlay-opacity":"","overlay-gradient":""},"tablet":{"background-color":"","background-image":"","background-repeat":"repeat","background-position":"center center","background-size":"auto","background-attachment":"scroll","background-type":"","background-media":"","overlay-type":"","overlay-color":"","overlay-opacity":"","overlay-gradient":""},"mobile":{"background-color":"","background-image":"","background-repeat":"repeat","background-position":"center center","background-size":"auto","background-attachment":"scroll","background-type":"","background-media":"","overlay-type":"","overlay-color":"","overlay-opacity":"","overlay-gradient":""}},"ast-content-background-meta":{"desktop":{"background-color":"var(--ast-global-color-4)","background-image":"","background-repeat":"repeat","background-position":"center center","background-size":"auto","background-attachment":"scroll","background-type":"","background-media":"","overlay-type":"","overlay-color":"","overlay-opacity":"","overlay-gradient":""},"tablet":{"background-color":"var(--ast-global-color-4)","background-image":"","background-repeat":"repeat","background-position":"center center","background-size":"auto","background-attachment":"scroll","background-type":"","background-media":"","overlay-type":"","overlay-color":"","overlay-opacity":"","overlay-gradient":""},"mobile":{"background-color":"var(--ast-global-color-4)","background-image":"","background-repeat":"repeat","background-position":"center center","background-size":"auto","background-attachment":"scroll","background-type":"","background-media":"","overlay-type":"","overlay-color":"","overlay-opacity":"","overlay-gradient":""}}},"product_brand":[],"product_cat":[81],"product_tag":[],"class_list":{"0":"post-1060","1":"product","2":"type-product","3":"status-publish","4":"has-post-thumbnail","6":"product_cat-glass-house-fleurs","7":"desktop-align-center","8":"tablet-align-left","9":"mobile-align-left","11":"first","12":"instock","13":"taxable","14":"shipping-taxable","15":"product-type-variable"},"jetpack_sharing_enabled":true,"_links":{"self":[{"href":"https:\/\/instagreen.fr\/index.php\/wp-json\/wp\/v2\/product\/1060","targetHints":{"allow":["GET"]}}],"collection":[{"href":"https:\/\/instagreen.fr\/index.php\/wp-json\/wp\/v2\/product"}],"about":[{"href":"https:\/\/instagreen.fr\/index.php\/wp-json\/wp\/v2\/types\/product"}],"replies":[{"embeddable":true,"href":"https:\/\/instagreen.fr\/index.php\/wp-json\/wp\/v2\/comments?post=1060"}],"wp:featuredmedia":[{"embeddable":true,"href":"https:\/\/instagreen.fr\/index.php\/wp-json\/wp\/v2\/media\/1721"}],"wp:attachment":[{"href":"https:\/\/instagreen.fr\/index.php\/wp-json\/wp\/v2\/media?parent=1060"}],"wp:term":[{"taxonomy":"product_brand","embeddable":true,"href":"https:\/\/instagreen.fr\/index.php\/wp-json\/wp\/v2\/product_brand?post=1060"},{"taxonomy":"product_cat","embeddable":true,"href":"https:\/\/instagreen.fr\/index.php\/wp-json\/wp\/v2\/product_cat?post=1060"},{"taxonomy":"product_tag","embeddable":true,"href":"https:\/\/instagreen.fr\/index.php\/wp-json\/wp\/v2\/product_tag?post=1060"}],"curies":[{"name":"wp","href":"https:\/\/api.w.org\/{rel}","templated":true}]}}