{"id":289,"date":"2025-04-23T15:17:40","date_gmt":"2025-04-23T13:17:40","guid":{"rendered":"https:\/\/instagreen.fr\/?page_id=289"},"modified":"2025-06-04T16:45:44","modified_gmt":"2025-06-04T14:45:44","slug":"qui-somme-nous","status":"publish","type":"page","link":"https:\/\/instagreen.fr\/index.php\/qui-somme-nous\/","title":{"rendered":"Qui sommes-nous"},"content":{"rendered":"\t\t<div data-elementor-type=\"wp-page\" data-elementor-id=\"289\" class=\"elementor elementor-289\" data-elementor-post-type=\"page\">\n\t\t\t\t<div class=\"elementor-element elementor-element-2f0dd863 e-grid e-con-boxed e-con e-parent\" data-id=\"2f0dd863\" data-element_type=\"container\">\n\t\t\t\t\t<div class=\"e-con-inner\">\n\t\t\t\t<div class=\"elementor-element elementor-element-436a0a19 elementor-widget elementor-widget-heading\" data-id=\"436a0a19\" data-element_type=\"widget\" data-widget_type=\"heading.default\">\n\t\t\t\t\t<h2 class=\"elementor-heading-title elementor-size-default\">QUI SOMMES-NOUS ?<\/h2>\t\t\t\t<\/div>\n\t\t\t\t<div class=\"elementor-element elementor-element-4684745c elementor-widget__width-initial elementor-widget elementor-widget-text-editor\" data-id=\"4684745c\" data-element_type=\"widget\" data-widget_type=\"text-editor.default\">\n\t\t\t\t\t\t\t\t\t<p class=\"\" data-start=\"176\" data-end=\"221\"><strong data-start=\"176\" data-end=\"221\">INSTAGREEN\u00ae est une soci\u00e9t\u00e9 marseillaise.<\/strong><\/p><p class=\"\" data-start=\"223\" data-end=\"412\">Entour\u00e9e de partenaires solides, aussi bien parmi les laboratoires que parmi les artisans producteurs, elle s\u2019est donn\u00e9 pour mission de proposer des produits de qualit\u00e9 \u00e0 un prix abordable.<\/p><p class=\"\" data-start=\"414\" data-end=\"556\">C\u2019est dans cette dynamique que nous avons d\u00e9cid\u00e9 de proposer notre offre \u00e0 de nombreuses boutiques en France, <strong data-start=\"524\" data-end=\"555\">quelle que soit leur taille<\/strong>.<\/p>\t\t\t\t\t\t\t\t<\/div>\n\t\t\t\t\t<\/div>\n\t\t\t\t<\/div>\n\t\t<div class=\"elementor-element elementor-element-1e35b4c3 e-con-full e-flex e-con e-parent\" data-id=\"1e35b4c3\" data-element_type=\"container\">\n\t\t\t\t<div class=\"elementor-element elementor-element-4cda69c3 elementor-widget elementor-widget-spacer\" data-id=\"4cda69c3\" data-element_type=\"widget\" data-widget_type=\"spacer.default\">\n\t\t\t\t\t\t\t<div class=\"elementor-spacer\">\n\t\t\t<div class=\"elementor-spacer-inner\"><\/div>\n\t\t<\/div>\n\t\t\t\t\t\t<\/div>\n\t\t\t\t<div class=\"elementor-element elementor-element-52dc8041 elementor-widget elementor-widget-image\" data-id=\"52dc8041\" data-element_type=\"widget\" data-widget_type=\"image.default\">\n\t\t\t\t\t\t\t\t\t\t\t\t\t\t\t<img fetchpriority=\"high\" decoding=\"async\" width=\"1277\" height=\"1751\" src=\"https:\/\/instagreen.fr\/wp-content\/uploads\/2025\/04\/div.et_pb_section-2.png\" class=\"attachment-2048x2048 size-2048x2048 wp-image-378\" alt=\"\" srcset=\"https:\/\/instagreen.fr\/wp-content\/uploads\/2025\/04\/div.et_pb_section-2.png 1277w, https:\/\/instagreen.fr\/wp-content\/uploads\/2025\/04\/div.et_pb_section-2-1200x1645.png 1200w, https:\/\/instagreen.fr\/wp-content\/uploads\/2025\/04\/div.et_pb_section-2-64x88.png 64w, https:\/\/instagreen.fr\/wp-content\/uploads\/2025\/04\/div.et_pb_section-2-219x300.png 219w, https:\/\/instagreen.fr\/wp-content\/uploads\/2025\/04\/div.et_pb_section-2-747x1024.png 747w, https:\/\/instagreen.fr\/wp-content\/uploads\/2025\/04\/div.et_pb_section-2-768x1053.png 768w, https:\/\/instagreen.fr\/wp-content\/uploads\/2025\/04\/div.et_pb_section-2-1120x1536.png 1120w\" sizes=\"(max-width: 1277px) 100vw, 1277px\" \/>\t\t\t\t\t\t\t\t\t\t\t\t\t\t\t<\/div>\n\t\t\t\t<div class=\"elementor-element elementor-element-05e7530 elementor-align-right elementor-widget elementor-widget-button\" data-id=\"05e7530\" data-element_type=\"widget\" data-widget_type=\"button.default\">\n\t\t\t\t\t\t\t\t\t\t<a class=\"elementor-button elementor-button-link elementor-size-sm\" href=\"https:\/\/instagreen.fr\/index.php\/mon-compte\/\">\n\t\t\t\t\t\t<span class=\"elementor-button-content-wrapper\">\n\t\t\t\t\t\t\t\t\t<span class=\"elementor-button-text\">Inscrivez vous<\/span>\n\t\t\t\t\t<\/span>\n\t\t\t\t\t<\/a>\n\t\t\t\t\t\t\t\t<\/div>\n\t\t\t\t<\/div>\n\t\t\t\t<\/div>\n\t\t","protected":false},"excerpt":{"rendered":"<p>QUI SOMMES-NOUS ? INSTAGREEN\u00ae est une soci\u00e9t\u00e9 marseillaise. Entour\u00e9e de partenaires solides, aussi bien parmi les laboratoires que parmi les [&hellip;]<\/p>\n","protected":false},"author":1,"featured_media":0,"parent":0,"menu_order":0,"comment_status":"closed","ping_status":"closed","template":"","meta":{"_eb_attr":"","content-type":"","site-sidebar-layout":"default","site-content-layout":"","ast-site-content-layout":"","site-content-style":"default","site-sidebar-style":"default","ast-global-header-display":"","ast-banner-title-visibility":"","ast-main-header-display":"","ast-hfb-above-header-display":"","ast-hfb-below-header-display":"","ast-hfb-mobile-header-display":"","site-post-title":"","ast-breadcrumbs-content":"","ast-featured-img":"","footer-sml-layout":"","theme-transparent-header-meta":"","adv-header-id-meta":"","stick-header-meta":"","header-above-stick-meta":"","header-main-stick-meta":"","header-below-stick-meta":"","astra-migrate-meta-layouts":"default","ast-page-background-enabled":"default","ast-page-background-meta":{"desktop":{"background-color":"var(--ast-global-color-5)","background-image":"","background-repeat":"repeat","background-position":"center center","background-size":"auto","background-attachment":"scroll","background-type":"","background-media":"","overlay-type":"","overlay-color":"","overlay-opacity":"","overlay-gradient":""},"tablet":{"background-color":"","background-image":"","background-repeat":"repeat","background-position":"center center","background-size":"auto","background-attachment":"scroll","background-type":"","background-media":"","overlay-type":"","overlay-color":"","overlay-opacity":"","overlay-gradient":""},"mobile":{"background-color":"","background-image":"","background-repeat":"repeat","background-position":"center center","background-size":"auto","background-attachment":"scroll","background-type":"","background-media":"","overlay-type":"","overlay-color":"","overlay-opacity":"","overlay-gradient":""}},"ast-content-background-meta":{"desktop":{"background-color":"var(--ast-global-color-4)","background-image":"","background-repeat":"repeat","background-position":"center center","background-size":"auto","background-attachment":"scroll","background-type":"","background-media":"","overlay-type":"","overlay-color":"","overlay-opacity":"","overlay-gradient":""},"tablet":{"background-color":"var(--ast-global-color-4)","background-image":"","background-repeat":"repeat","background-position":"center center","background-size":"auto","background-attachment":"scroll","background-type":"","background-media":"","overlay-type":"","overlay-color":"","overlay-opacity":"","overlay-gradient":""},"mobile":{"background-color":"var(--ast-global-color-4)","background-image":"","background-repeat":"repeat","background-position":"center center","background-size":"auto","background-attachment":"scroll","background-type":"","background-media":"","overlay-type":"","overlay-color":"","overlay-opacity":"","overlay-gradient":""}},"footnotes":""},"class_list":["post-289","page","type-page","status-publish","hentry"],"jetpack_sharing_enabled":true,"_links":{"self":[{"href":"https:\/\/instagreen.fr\/index.php\/wp-json\/wp\/v2\/pages\/289","targetHints":{"allow":["GET"]}}],"collection":[{"href":"https:\/\/instagreen.fr\/index.php\/wp-json\/wp\/v2\/pages"}],"about":[{"href":"https:\/\/instagreen.fr\/index.php\/wp-json\/wp\/v2\/types\/page"}],"author":[{"embeddable":true,"href":"https:\/\/instagreen.fr\/index.php\/wp-json\/wp\/v2\/users\/1"}],"replies":[{"embeddable":true,"href":"https:\/\/instagreen.fr\/index.php\/wp-json\/wp\/v2\/comments?post=289"}],"version-history":[{"count":29,"href":"https:\/\/instagreen.fr\/index.php\/wp-json\/wp\/v2\/pages\/289\/revisions"}],"predecessor-version":[{"id":1951,"href":"https:\/\/instagreen.fr\/index.php\/wp-json\/wp\/v2\/pages\/289\/revisions\/1951"}],"wp:attachment":[{"href":"https:\/\/instagreen.fr\/index.php\/wp-json\/wp\/v2\/media?parent=289"}],"curies":[{"name":"wp","href":"https:\/\/api.w.org\/{rel}","templated":true}]}}